CRAN Package Check Results for Package movMF

Last updated on 2021-04-14 11:52:20 CEST.

Flavor Version Tinstall Tcheck Ttotal Status Flags
r-devel-linux-x86_64-debian-clang 0.2-5 4.40 74.43 78.83 NOTE
r-devel-linux-x86_64-debian-gcc 0.2-5 3.57 56.02 59.59 NOTE
r-devel-linux-x86_64-fedora-clang 0.2-5 110.60 NOTE
r-devel-linux-x86_64-fedora-gcc 0.2-5 101.11 NOTE
r-devel-windows-ix86+x86_64 0.2-5 17.00 120.00 137.00 NOTE
r-devel-windows-x86_64-gcc10-UCRT 0.2-5 NOTE
r-patched-linux-x86_64 0.2-5 4.75 69.62 74.37 NOTE
r-patched-solaris-x86 0.2-5 128.30 NOTE
r-release-linux-x86_64 0.2-5 3.94 72.10 76.04 NOTE
r-release-macos-x86_64 0.2-5 NOTE
r-release-windows-ix86+x86_64 0.2-5 11.00 117.00 128.00 NOTE
r-oldrel-macos-x86_64 0.2-5 NOTE
r-oldrel-windows-ix86+x86_64 0.2-5 14.00 83.00 97.00 NOTE

Check Details

Version: 0.2-5
Check: package dependencies
Result: NOTE
    Package suggested but not available for checking: 'corpus.useR.2008.abstracts'
Flavors: r-devel-linux-x86_64-debian-clang, r-devel-linux-x86_64-debian-gcc, r-devel-linux-x86_64-fedora-clang, r-devel-linux-x86_64-fedora-gcc, r-devel-windows-ix86+x86_64, r-devel-windows-x86_64-gcc10-UCRT, r-patched-linux-x86_64, r-patched-solaris-x86, r-release-linux-x86_64, r-release-macos-x86_64, r-release-windows-ix86+x86_64, r-oldrel-macos-x86_64, r-oldrel-windows-ix86+x86_64