Last updated on 2021-04-19 17:48:33 CEST.
Flavor | Version | Tinstall | Tcheck | Ttotal | Status | Flags |
---|---|---|---|---|---|---|
r-devel-linux-x86_64-debian-clang | 1.0.3 | 3.57 | 110.43 | 114.00 | OK | |
r-devel-linux-x86_64-debian-gcc | 1.0.3 | 3.38 | 82.83 | 86.21 | OK | |
r-devel-linux-x86_64-fedora-clang | 1.0.3 | 151.02 | OK | |||
r-devel-linux-x86_64-fedora-gcc | 1.0.3 | 136.41 | OK | |||
r-devel-windows-ix86+x86_64 | 1.0.3 | 7.00 | 113.00 | 120.00 | OK | |
r-devel-windows-x86_64-gcc10-UCRT | 1.0.3 | ERROR | ||||
r-patched-linux-x86_64 | 1.0.3 | 3.77 | 106.10 | 109.87 | OK | |
r-patched-solaris-x86 | 1.0.3 | 196.70 | OK | |||
r-release-linux-x86_64 | 1.0.3 | 4.21 | 104.73 | 108.94 | OK | |
r-release-macos-x86_64 | 1.0.3 | OK | ||||
r-release-windows-ix86+x86_64 | 1.0.3 | 11.00 | 133.00 | 144.00 | OK | |
r-oldrel-macos-x86_64 | 1.0.3 | OK | ||||
r-oldrel-windows-ix86+x86_64 | 1.0.3 | 6.00 | 136.00 | 142.00 | OK |
Version: 1.0.3
Check: package dependencies
Result: ERROR
Package required but not available: 'GPareto'
See section 'The DESCRIPTION file' in the 'Writing R Extensions'
manual.
Flavor: r-devel-windows-x86_64-gcc10-UCRT