Last updated on 2021-04-18 11:46:54 CEST.
Flavor | Version | Tinstall | Tcheck | Ttotal | Status | Flags |
---|---|---|---|---|---|---|
r-devel-linux-x86_64-debian-clang | 0.2.0 | 2.19 | 2.91 | 5.10 | ERROR | |
r-devel-linux-x86_64-debian-gcc | 0.2.0 | 1.87 | 2.15 | 4.02 | ERROR | |
r-devel-linux-x86_64-fedora-clang | 0.2.0 | 12.00 | ERROR | |||
r-devel-linux-x86_64-fedora-gcc | 0.2.0 | 2.82 | ERROR | |||
r-devel-windows-ix86+x86_64 | 0.2.0 | 51.00 | 4.00 | 55.00 | ERROR | |
r-devel-windows-x86_64-gcc10-UCRT | 0.2.0 | ERROR | ||||
r-patched-linux-x86_64 | 0.2.0 | 20.98 | 268.53 | 289.51 | OK | |
r-patched-solaris-x86 | 0.2.0 | 499.60 | NOTE | |||
r-release-linux-x86_64 | 0.2.0 | 22.60 | 269.30 | 291.90 | OK | |
r-release-macos-x86_64 | 0.2.0 | NOTE | ||||
r-release-windows-ix86+x86_64 | 0.2.0 | 53.00 | 346.00 | 399.00 | OK | |
r-oldrel-macos-x86_64 | 0.2.0 | NOTE | ||||
r-oldrel-windows-ix86+x86_64 | 0.2.0 | 33.00 | 312.00 | 345.00 | OK |
Version: 0.2.0
Check: package dependencies
Result: ERROR
Package required but not available: 'tictoc'
See section 'The DESCRIPTION file' in the 'Writing R Extensions'
manual.
Flavors: r-devel-linux-x86_64-debian-clang, r-devel-linux-x86_64-debian-gcc, r-devel-linux-x86_64-fedora-gcc, r-devel-windows-x86_64-gcc10-UCRT
Version: 0.2.0
Check: package dependencies
Result: ERROR
Package required but not available: ‘tictoc’
Imports includes 23 non-default packages.
Importing from so many packages makes the package vulnerable to any of
them becoming unavailable. Move as many as possible to Suggests and
use conditionally.
See section ‘The DESCRIPTION file’ in the ‘Writing R Extensions’
manual.
Flavor: r-devel-linux-x86_64-fedora-clang
Version: 0.2.0
Check: whether package can be installed
Result: ERROR
See *
Flavor: r-devel-windows-ix86+x86_64
Version: 0.2.0
Check: dependencies in R code
Result: NOTE
Namespaces in Imports field not imported from:
‘crayon’ ‘dials’ ‘glue’ ‘parsnip’
All declared Imports should be used.
Flavors: r-patched-solaris-x86, r-release-macos-x86_64, r-oldrel-macos-x86_64