CRAN Package Check Results for Package modelsummary

Last updated on 2021-04-18 11:46:54 CEST.

Flavor Version Tinstall Tcheck Ttotal Status Flags
r-devel-linux-x86_64-debian-clang 0.6.6 5.67 79.19 84.86 OK
r-devel-linux-x86_64-debian-gcc 0.6.6 4.31 61.16 65.47 OK
r-devel-linux-x86_64-fedora-clang 0.6.6 109.86 OK
r-devel-linux-x86_64-fedora-gcc 0.6.6 98.24 OK
r-devel-windows-ix86+x86_64 0.6.6 13.00 5.00 18.00 OK
r-devel-windows-x86_64-gcc10-UCRT 0.6.6 OK
r-patched-linux-x86_64 0.6.6 6.62 76.68 83.30 OK
r-patched-solaris-x86 0.6.6 131.80 OK
r-release-linux-x86_64 0.6.6 6.32 77.33 83.65 OK
r-release-macos-x86_64 0.6.6 OK
r-release-windows-ix86+x86_64 0.6.6 22.00 125.00 147.00 OK
r-oldrel-macos-x86_64 0.6.6 OK
r-oldrel-windows-ix86+x86_64 0.6.6 6.00 86.00 92.00 OK

Check Details

Version: 0.6.6
Check: whether package can be installed
Result: FAIL
Flavor: r-devel-windows-ix86+x86_64