CRAN Package Check Results for Package mlt.docreg

Last updated on 2021-04-18 11:46:53 CEST.

Flavor Version Tinstall Tcheck Ttotal Status Flags
r-devel-linux-x86_64-debian-clang 1.1-0 12.23 294.27 306.50 OK
r-devel-linux-x86_64-debian-gcc 1.1-0 9.60 233.05 242.65 OK
r-devel-linux-x86_64-fedora-clang 1.1-0 375.77 OK
r-devel-linux-x86_64-fedora-gcc 1.1-0 362.49 OK
r-devel-windows-ix86+x86_64 1.1-0 38.00 5.00 43.00 ERROR
r-devel-windows-x86_64-gcc10-UCRT 1.1-0 OK
r-patched-linux-x86_64 1.1-0 11.13 279.82 290.95 OK
r-patched-solaris-x86 1.1-0 561.30 OK
r-release-linux-x86_64 1.1-0 11.14 281.98 293.12 OK
r-release-macos-x86_64 1.1-0 OK
r-release-windows-ix86+x86_64 1.1-0 30.00 199.00 229.00 OK
r-oldrel-macos-x86_64 1.1-0 OK
r-oldrel-windows-ix86+x86_64 1.1-0 16.00 177.00 193.00 OK

Check Details

Version: 1.1-0
Check: whether package can be installed
Result: ERROR
    Installation failed.
Flavor: r-devel-windows-ix86+x86_64