CRAN Package Check Results for Package mleap

Last updated on 2019-11-20 04:47:21 CET.

Flavor Version Tinstall Tcheck Ttotal Status Flags
r-devel-linux-x86_64-debian-clang 0.1.3 7.55 58.68 66.23 OK
r-devel-linux-x86_64-debian-gcc 0.1.3 6.15 46.79 52.94 OK
r-devel-linux-x86_64-fedora-clang 0.1.3 76.61 OK
r-devel-linux-x86_64-fedora-gcc 0.1.3 78.56 OK
r-devel-windows-ix86+x86_64 0.1.3 17.00 7.00 24.00 ERROR
r-devel-windows-ix86+x86_64-gcc8 0.1.3 9.00 6.00 15.00 ERROR
r-patched-linux-x86_64 0.1.3 6.44 54.05 60.49 OK
r-patched-solaris-x86 0.1.3 106.10 OK
r-release-linux-x86_64 0.1.3 6.93 54.21 61.14 OK
r-release-windows-ix86+x86_64 0.1.3 23.00 97.00 120.00 OK
r-release-osx-x86_64 0.1.3 OK
r-oldrel-windows-ix86+x86_64 0.1.3 9.00 130.00 139.00 OK
r-oldrel-osx-x86_64 0.1.3 OK

Check Details

Version: 0.1.3
Check: whether package can be installed
Result: ERROR
    Installation failed.
Flavors: r-devel-windows-ix86+x86_64, r-devel-windows-ix86+x86_64-gcc8