CRAN Package Check Results for Package minpack.lm

Last updated on 2020-10-20 05:48:18 CEST.

Flavor Version Tinstall Tcheck Ttotal Status Flags
r-devel-linux-x86_64-debian-clang 1.2-1 5.93 22.63 28.56 OK
r-devel-linux-x86_64-debian-gcc 1.2-1 4.44 17.87 22.31 OK
r-devel-linux-x86_64-fedora-clang 1.2-1 43.39 NOTE
r-devel-linux-x86_64-fedora-gcc 1.2-1 34.46 NOTE
r-devel-windows-ix86+x86_64 1.2-1 23.00 37.00 60.00 OK
r-patched-linux-x86_64 1.2-1 5.43 21.45 26.88 OK
r-patched-solaris-x86 1.2-1 48.60 OK
r-release-linux-x86_64 1.2-1 5.24 21.54 26.78 OK
r-release-macos-x86_64 1.2-1 OK
r-release-windows-ix86+x86_64 1.2-1 23.00 37.00 60.00 OK
r-oldrel-macos-x86_64 1.2-1 OK
r-oldrel-windows-ix86+x86_64 1.2-1 22.00 44.00 66.00 OK

Check Details

Version: 1.2-1
Check: compiled code
Result: NOTE
    File ‘minpack.lm/libs/minpack.lm.so’:
     Found no calls to: ‘R_registerRoutines’, ‘R_useDynamicSymbols’
    
    It is good practice to register native routines and to disable symbol
    search.
    
    See ‘Writing portable packages’ in the ‘Writing R Extensions’ manual.
Flavors: r-devel-linux-x86_64-fedora-clang, r-devel-linux-x86_64-fedora-gcc