CRAN Package Check Results for Package minimax

Last updated on 2018-09-20 17:50:13 CEST.

Flavor Version Tinstall Tcheck Ttotal Status Flags
r-devel-linux-x86_64-debian-clang 1.0 0.80 16.60 17.40 NOTE
r-devel-linux-x86_64-debian-gcc 1.0 0.69 13.68 14.37 NOTE
r-devel-linux-x86_64-fedora-clang 1.0 23.14 NOTE
r-devel-linux-x86_64-fedora-gcc 1.0 19.99 NOTE
r-devel-windows-ix86+x86_64 1.0 2.00 24.00 26.00 NOTE
r-patched-linux-x86_64 1.0 0.77 15.08 15.85 NOTE
r-patched-solaris-x86 1.0 31.30 NOTE
r-release-linux-x86_64 1.0 0.74 15.60 16.34 NOTE
r-release-windows-ix86+x86_64 1.0 4.00 27.00 31.00 NOTE
r-release-osx-x86_64 1.0 NOTE
r-oldrel-windows-ix86+x86_64 1.0 2.00 23.00 25.00 NOTE
r-oldrel-osx-x86_64 1.0 NOTE

Check Details

Version: 1.0
Check: R code for possible problems
Result: NOTE
    rminimax: no visible global function definition for ‘runif’
    Undefined global functions or variables:
     runif
    Consider adding
     importFrom("stats", "runif")
    to your NAMESPACE file.
Flavors: r-devel-linux-x86_64-debian-clang, r-devel-linux-x86_64-debian-gcc, r-devel-linux-x86_64-fedora-clang, r-devel-linux-x86_64-fedora-gcc, r-devel-windows-ix86+x86_64, r-patched-linux-x86_64, r-patched-solaris-x86, r-release-linux-x86_64, r-release-windows-ix86+x86_64, r-release-osx-x86_64, r-oldrel-windows-ix86+x86_64, r-oldrel-osx-x86_64