CRAN Package Check Results for Package minidown

Last updated on 2021-04-18 17:47:44 CEST.

Flavor Version Tinstall Tcheck Ttotal Status Flags
r-devel-linux-x86_64-debian-clang 0.1.1 2.48 34.16 36.64 OK
r-devel-linux-x86_64-debian-gcc 0.1.1 1.92 26.89 28.81 OK
r-devel-linux-x86_64-fedora-clang 0.1.1 53.14 OK
r-devel-linux-x86_64-fedora-gcc 0.1.1 44.10 OK
r-devel-windows-ix86+x86_64 0.1.1 5.00 4.00 9.00 ERROR
r-devel-windows-x86_64-gcc10-UCRT 0.1.1 OK
r-patched-linux-x86_64 0.1.1 2.51 33.59 36.10 OK
r-patched-solaris-x86 0.1.1 52.00 OK
r-release-linux-x86_64 0.1.1 2.36 33.49 35.85 OK
r-release-macos-x86_64 0.1.1 OK
r-release-windows-ix86+x86_64 0.1.1 4.00 36.00 40.00 OK
r-oldrel-macos-x86_64 0.1.1 OK
r-oldrel-windows-ix86+x86_64 0.1.1 5.00 42.00 47.00 OK

Check Details

Version: 0.1.1
Check: whether package can be installed
Result: ERROR
    
    See *
Flavor: r-devel-windows-ix86+x86_64