Last updated on 2021-04-18 17:47:44 CEST.
Flavor | Version | Tinstall | Tcheck | Ttotal | Status | Flags |
---|---|---|---|---|---|---|
r-devel-linux-x86_64-debian-clang | 0.6.0 | 1.92 | 23.39 | 25.31 | NOTE | |
r-devel-linux-x86_64-debian-gcc | 0.6.0 | 1.67 | 18.92 | 20.59 | NOTE | |
r-devel-linux-x86_64-fedora-clang | 0.6.0 | 41.56 | NOTE | |||
r-devel-linux-x86_64-fedora-gcc | 0.6.0 | 31.02 | NOTE | |||
r-devel-windows-ix86+x86_64 | 0.6.0 | 6.00 | 4.00 | 10.00 | ERROR | |
r-devel-windows-x86_64-gcc10-UCRT | 0.6.0 | NOTE | ||||
r-patched-linux-x86_64 | 0.6.0 | 2.12 | 23.10 | 25.22 | OK | |
r-patched-solaris-x86 | 0.6.0 | 48.80 | OK | |||
r-release-linux-x86_64 | 0.6.0 | 1.94 | 23.04 | 24.98 | OK | |
r-release-macos-x86_64 | 0.6.0 | OK | ||||
r-release-windows-ix86+x86_64 | 0.6.0 | 23.00 | 37.00 | 60.00 | OK | |
r-oldrel-macos-x86_64 | 0.6.0 | OK | ||||
r-oldrel-windows-ix86+x86_64 | 0.6.0 | 3.00 | 37.00 | 40.00 | OK |
Version: 0.6.0
Check: LazyData
Result: NOTE
'LazyData' is specified without a 'data' directory
Flavors: r-devel-linux-x86_64-debian-clang, r-devel-linux-x86_64-debian-gcc, r-devel-linux-x86_64-fedora-clang, r-devel-linux-x86_64-fedora-gcc, r-devel-windows-x86_64-gcc10-UCRT
Version: 0.6.0
Check: whether package can be installed
Result: ERROR
*
Flavor: r-devel-windows-ix86+x86_64