CRAN Package Check Results for Package mgsub

Last updated on 2021-04-22 11:50:21 CEST.

Flavor Version Tinstall Tcheck Ttotal Status Flags
r-devel-linux-x86_64-debian-clang 1.7.2 2.09 31.15 33.24 NOTE
r-devel-linux-x86_64-debian-gcc 1.7.2 1.58 24.77 26.35 NOTE
r-devel-linux-x86_64-fedora-clang 1.7.2 48.99 NOTE
r-devel-linux-x86_64-fedora-gcc 1.7.2 44.08 NOTE
r-devel-windows-ix86+x86_64 1.7.2 5.00 45.00 50.00 NOTE
r-devel-windows-x86_64-gcc10-UCRT 1.7.2 NOTE
r-patched-linux-x86_64 1.7.2 1.86 30.87 32.73 WARN
r-patched-solaris-x86 1.7.2 59.80 OK
r-release-linux-x86_64 1.7.2 2.10 30.26 32.36 OK
r-release-macos-x86_64 1.7.2 OK
r-release-windows-ix86+x86_64 1.7.2 5.00 47.00 52.00 OK
r-oldrel-macos-x86_64 1.7.2 OK
r-oldrel-windows-ix86+x86_64 1.7.2 3.00 48.00 51.00 OK

Check Details

Version: 1.7.2
Check: LazyData
Result: NOTE
     'LazyData' is specified without a 'data' directory
Flavors: r-devel-linux-x86_64-debian-clang, r-devel-linux-x86_64-debian-gcc, r-devel-linux-x86_64-fedora-clang, r-devel-linux-x86_64-fedora-gcc, r-devel-windows-ix86+x86_64, r-devel-windows-x86_64-gcc10-UCRT

Version: 1.7.2
Check: whether package can be installed
Result: WARN
    Found the following significant warnings:
     Rd warning: /tmp/RtmpLQZzlk/R.INSTALL616249a2f42e/mgsub/man/mgsub.Rd:19: file link ‘regexpr’ in package ‘base’ does not exist and so has been treated as a topic
     Rd warning: /tmp/RtmpLQZzlk/R.INSTALL616249a2f42e/mgsub/man/mgsub.Rd:20: file link ‘sub’ in package ‘base’ does not exist and so has been treated as a topic
Flavor: r-patched-linux-x86_64