CRAN Package Check Results for Package metaSurvival

Last updated on 2024-04-13 06:01:05 CEST.

Flavor Version Tinstall Tcheck Ttotal Status Flags
r-devel-linux-x86_64-debian-clang 0.1.0 2.80 23.75 26.55 OK
r-devel-linux-x86_64-debian-gcc 0.1.0 2.07 18.31 20.38 OK
r-devel-linux-x86_64-fedora-clang 0.1.0 33.40 NOTE
r-devel-linux-x86_64-fedora-gcc 0.1.0 32.47 NOTE
r-devel-windows-x86_64 0.1.0 3.00 39.00 42.00 OK
r-patched-linux-x86_64 0.1.0 2.57 23.06 25.63 OK
r-release-linux-x86_64 0.1.0 1.65 23.23 24.88 OK
r-release-macos-arm64 0.1.0 16.00 OK
r-release-macos-x86_64 0.1.0 20.00 OK
r-release-windows-x86_64 0.1.0 4.00 38.00 42.00 OK
r-oldrel-macos-arm64 0.1.0 4.00 OK
r-oldrel-windows-x86_64 0.1.0 4.00 43.00 47.00 OK

Check Details

Version: 0.1.0
Check: dependencies in R code
Result: NOTE Namespace in Imports field not imported from: ‘survival’ All declared Imports should be used. Flavors: r-devel-linux-x86_64-fedora-clang, r-devel-linux-x86_64-fedora-gcc