CRAN Package Check Results for Package meta4diag

Last updated on 2024-04-13 06:01:05 CEST.

Flavor Version Tinstall Tcheck Ttotal Status Flags
r-devel-linux-x86_64-debian-clang 2.1.1 18.86 94.63 113.49 NOTE
r-devel-linux-x86_64-debian-gcc 2.1.1 12.63 68.38 81.01 NOTE
r-devel-linux-x86_64-fedora-clang 2.1.1 135.88 OK
r-devel-linux-x86_64-fedora-gcc 2.1.1 134.08 OK
r-devel-windows-x86_64 2.1.1 14.00 83.00 97.00 OK
r-patched-linux-x86_64 2.1.1 15.63 88.68 104.31 NOTE
r-release-linux-x86_64 2.1.1 15.53 88.75 104.28 NOTE
r-release-macos-arm64 2.1.1 37.00 NOTE
r-release-macos-x86_64 2.1.1 57.00 NOTE
r-release-windows-x86_64 2.1.1 19.00 96.00 115.00 NOTE
r-oldrel-macos-arm64 2.1.1 36.00 NOTE
r-oldrel-windows-x86_64 2.1.1 18.00 100.00 118.00 NOTE

Check Details

Version: 2.1.1
Check: package dependencies
Result: NOTE Package suggested but not available for checking: ‘INLA’ Flavors: r-devel-linux-x86_64-debian-clang, r-devel-linux-x86_64-debian-gcc, r-patched-linux-x86_64, r-release-linux-x86_64, r-release-macos-arm64, r-release-macos-x86_64, r-release-windows-x86_64, r-oldrel-macos-arm64, r-oldrel-windows-x86_64