CRAN Package Check Results for Package mem

Last updated on 2021-04-21 11:53:35 CEST.

Flavor Version Tinstall Tcheck Ttotal Status Flags
r-devel-linux-x86_64-debian-clang 2.16 16.97 110.42 127.39 OK
r-devel-linux-x86_64-debian-gcc 2.16 13.15 81.20 94.35 OK
r-devel-linux-x86_64-fedora-clang 2.16 160.74 OK
r-devel-linux-x86_64-fedora-gcc 2.16 149.58 OK
r-devel-windows-ix86+x86_64 2.16 20.00 85.00 105.00 OK
r-devel-windows-x86_64-gcc10-UCRT 2.16 OK
r-patched-linux-x86_64 2.16 18.90 101.67 120.57 OK
r-patched-solaris-x86 2.16 208.60 OK
r-release-linux-x86_64 2.16 16.46 101.18 117.64 OK
r-release-macos-x86_64 2.16 OK
r-release-windows-ix86+x86_64 2.16 26.00 118.00 144.00 OK
r-oldrel-macos-x86_64 2.16 WARN
r-oldrel-windows-ix86+x86_64 2.16 31.00 115.00 146.00 OK

Additional issues

donttest

Check Details

Version: 2.16
Check: dependencies in R code
Result: NOTE
    No protocol specified
    No protocol specified
Flavor: r-oldrel-macos-x86_64

Version: 2.16
Check: S3 generic/method consistency
Result: WARN
    No protocol specified
    No protocol specified
    See section ‘Generic functions and methods’ in the ‘Writing R
    Extensions’ manual.
Flavor: r-oldrel-macos-x86_64

Version: 2.16
Check: replacement functions
Result: WARN
    No protocol specified
    No protocol specified
    The argument of a replacement function which corresponds to the right
    hand side must be named ‘value’.
Flavor: r-oldrel-macos-x86_64

Version: 2.16
Check: foreign function calls
Result: NOTE
    No protocol specified
    No protocol specified
    See chapter ‘System and foreign language interfaces’ in the ‘Writing R
    Extensions’ manual.
Flavor: r-oldrel-macos-x86_64

Version: 2.16
Check: R code for possible problems
Result: NOTE
    No protocol specified
    No protocol specified
Flavor: r-oldrel-macos-x86_64

Version: 2.16
Check: for missing documentation entries
Result: WARN
    No protocol specified
    No protocol specified
    All user-level objects in a package should have documentation entries.
    See chapter ‘Writing R documentation files’ in the ‘Writing R
    Extensions’ manual.
Flavor: r-oldrel-macos-x86_64

Version: 2.16
Check: for code/documentation mismatches
Result: WARN
    No protocol specified
    No protocol specified
    No protocol specified
    No protocol specified
    No protocol specified
    No protocol specified
Flavor: r-oldrel-macos-x86_64

Version: 2.16
Check: Rd \usage sections
Result: NOTE
    No protocol specified
    No protocol specified
    The \usage entries for S3 methods should use the \method markup and not
    their full name.
    See chapter ‘Writing R documentation files’ in the ‘Writing R
    Extensions’ manual.
Flavor: r-oldrel-macos-x86_64