CRAN Package Check Results for Package mefa4

Last updated on 2021-04-21 05:48:42 CEST.

Flavor Version Tinstall Tcheck Ttotal Status Flags
r-devel-linux-x86_64-debian-clang 0.3-7 9.66 88.62 98.28 OK
r-devel-linux-x86_64-debian-gcc 0.3-7 8.65 68.77 77.42 OK
r-devel-linux-x86_64-fedora-clang 0.3-7 129.51 OK
r-devel-linux-x86_64-fedora-gcc 0.3-7 118.89 OK
r-devel-windows-ix86+x86_64 0.3-7 25.00 85.00 110.00 OK
r-devel-windows-x86_64-gcc10-UCRT 0.3-7 OK
r-patched-linux-x86_64 0.3-7 8.82 83.18 92.00 WARN
r-patched-solaris-x86 0.3-7 183.10 OK
r-release-linux-x86_64 0.3-7 8.65 83.16 91.81 OK
r-release-macos-x86_64 0.3-7 OK
r-release-windows-ix86+x86_64 0.3-7 24.00 103.00 127.00 OK
r-oldrel-macos-x86_64 0.3-7 OK
r-oldrel-windows-ix86+x86_64 0.3-7 15.00 110.00 125.00 OK

Check Details

Version: 0.3-7
Check: whether package can be installed
Result: WARN
    Found the following significant warnings:
     Rd warning: /tmp/RtmpEDHK2E/R.INSTALL566667748e2d/mefa4/man/Mefa.Rd:77: file link ‘xtab’ in package ‘mefa4’ does not exist and so has been treated as a topic
     Rd warning: /tmp/RtmpEDHK2E/R.INSTALL566667748e2d/mefa4/man/Mefa.Rd:77: file link ‘taxa’ in package ‘mefa4’ does not exist and so has been treated as a topic
     Rd warning: /tmp/RtmpEDHK2E/R.INSTALL566667748e2d/mefa4/man/Melt.Rd:29: file link ‘melt’ in package ‘mefa’ does not exist and so has been treated as a topic
Flavor: r-patched-linux-x86_64