CRAN Package Check Results for Package meantables

Last updated on 2021-04-23 00:48:53 CEST.

Flavor Version Tinstall Tcheck Ttotal Status Flags
r-devel-linux-x86_64-debian-clang 0.1.0 3.60 45.08 48.68 NOTE
r-devel-linux-x86_64-debian-gcc 0.1.0 3.02 33.93 36.95 NOTE
r-devel-linux-x86_64-fedora-clang 0.1.0 67.18 NOTE
r-devel-linux-x86_64-fedora-gcc 0.1.0 57.23 NOTE
r-devel-windows-ix86+x86_64 0.1.0 10.00 51.00 61.00 NOTE
r-devel-windows-x86_64-gcc10-UCRT 0.1.0 NOTE
r-patched-linux-x86_64 0.1.0 3.59 41.98 45.57 OK
r-patched-solaris-x86 0.1.0 85.80 OK
r-release-linux-x86_64 0.1.0 3.59 41.73 45.32 OK
r-release-macos-x86_64 0.1.0 OK
r-release-windows-ix86+x86_64 0.1.0 10.00 62.00 72.00 OK
r-oldrel-macos-x86_64 0.1.0 OK
r-oldrel-windows-ix86+x86_64 0.1.0 14.00 58.00 72.00 OK

Check Details

Version: 0.1.0
Check: LazyData
Result: NOTE
     'LazyData' is specified without a 'data' directory
Flavors: r-devel-linux-x86_64-debian-clang, r-devel-linux-x86_64-debian-gcc, r-devel-linux-x86_64-fedora-clang, r-devel-linux-x86_64-fedora-gcc, r-devel-windows-ix86+x86_64, r-devel-windows-x86_64-gcc10-UCRT