CRAN Package Check Results for Package mbend

Last updated on 2021-04-19 17:48:31 CEST.

Flavor Version Tinstall Tcheck Ttotal Status Flags
r-devel-linux-x86_64-debian-clang 1.3.1 1.98 25.49 27.47 NOTE
r-devel-linux-x86_64-debian-gcc 1.3.1 1.57 19.25 20.82 NOTE
r-devel-linux-x86_64-fedora-clang 1.3.1 42.23 NOTE
r-devel-linux-x86_64-fedora-gcc 1.3.1 33.12 NOTE
r-devel-windows-ix86+x86_64 1.3.1 5.00 31.00 36.00 NOTE
r-devel-windows-x86_64-gcc10-UCRT 1.3.1 NOTE
r-patched-linux-x86_64 1.3.1 1.79 24.23 26.02 OK
r-patched-solaris-x86 1.3.1 48.80 OK
r-release-linux-x86_64 1.3.1 1.85 23.85 25.70 OK
r-release-macos-x86_64 1.3.1 OK
r-release-windows-ix86+x86_64 1.3.1 5.00 37.00 42.00 OK
r-oldrel-macos-x86_64 1.3.1 OK
r-oldrel-windows-ix86+x86_64 1.3.1 3.00 37.00 40.00 OK

Check Details

Version: 1.3.1
Check: LazyData
Result: NOTE
     'LazyData' is specified without a 'data' directory
Flavors: r-devel-linux-x86_64-debian-clang, r-devel-linux-x86_64-debian-gcc, r-devel-linux-x86_64-fedora-clang, r-devel-linux-x86_64-fedora-gcc, r-devel-windows-ix86+x86_64, r-devel-windows-x86_64-gcc10-UCRT