CRAN Package Check Results for Package matrixProfile

Last updated on 2024-05-21 05:59:13 CEST.

Flavor Version Tinstall Tcheck Ttotal Status Flags
r-devel-linux-x86_64-debian-clang 0.5.0 2.68 29.69 32.37 NOTE
r-devel-linux-x86_64-debian-gcc 0.5.0 2.34 22.77 25.11 NOTE
r-devel-linux-x86_64-fedora-clang 0.5.0 40.19 NOTE
r-devel-linux-x86_64-fedora-gcc 0.5.0 39.44 NOTE
r-devel-windows-x86_64 0.5.0 4.00 45.00 49.00 NOTE
r-patched-linux-x86_64 0.5.0 3.14 28.73 31.87 NOTE
r-release-linux-x86_64 0.5.0 2.26 28.21 30.47 NOTE
r-release-macos-arm64 0.5.0 18.00 NOTE
r-release-windows-x86_64 0.5.0 4.00 44.00 48.00 NOTE
r-oldrel-macos-arm64 0.5.0 18.00 NOTE
r-oldrel-macos-x86_64 0.5.0 24.00 NOTE
r-oldrel-windows-x86_64 0.5.0 4.00 46.00 50.00 NOTE

Check Details

Version: 0.5.0
Check: LazyData
Result: NOTE 'LazyData' is specified without a 'data' directory Flavors: r-devel-linux-x86_64-debian-clang, r-devel-linux-x86_64-debian-gcc, r-devel-linux-x86_64-fedora-clang, r-devel-linux-x86_64-fedora-gcc, r-devel-windows-x86_64, r-patched-linux-x86_64, r-release-linux-x86_64, r-release-macos-arm64, r-release-windows-x86_64, r-oldrel-macos-arm64, r-oldrel-macos-x86_64, r-oldrel-windows-x86_64