CRAN Package Check Results for Package marcher

Last updated on 2024-04-15 11:56:27 CEST.

Flavor Version Tinstall Tcheck Ttotal Status Flags
r-devel-linux-x86_64-debian-clang 0.0-2 11.42 150.14 161.56 NOTE
r-devel-linux-x86_64-debian-gcc 0.0-2 7.61 112.03 119.64 NOTE
r-devel-linux-x86_64-fedora-clang 0.0-2 199.16 NOTE
r-devel-linux-x86_64-fedora-gcc 0.0-2 203.36 NOTE
r-prerel-macos-arm64 0.0-2 59.00 NOTE
r-prerel-windows-x86_64 0.0-2 10.00 121.00 131.00 NOTE
r-patched-linux-x86_64 0.0-2 7.84 142.83 150.67 NOTE
r-release-linux-x86_64 0.0-2 8.52 142.62 151.14 OK
r-release-macos-arm64 0.0-2 63.00 OK
r-release-macos-x86_64 0.0-2 109.00 OK
r-release-windows-x86_64 0.0-2 13.00 143.00 156.00 OK
r-oldrel-macos-arm64 0.0-2 63.00 OK
r-oldrel-windows-x86_64 0.0-2 13.00 137.00 150.00 OK

Check Details

Version: 0.0-2
Check: Rd files
Result: NOTE checkRd: (-1) locate_shift.Rd:29: Lost braces 29 | \code{\link{quickfit}}, code{\link{locator}} | ^ checkRd: (-1) marcher-package.Rd:14: Lost braces; missing escapes or markup? 14 | 1. \code{\link{estimate_shift}} {Estimate a range shift process.} | ^ checkRd: (-1) marcher-package.Rd:16: Lost braces; missing escapes or markup? 16 | 2. \code{\link{simulate_shift}} {Simulate a range shift process.} | ^ checkRd: (-1) marcher-package.Rd:18: Lost braces; missing escapes or markup? 18 | 3. \code{\link{plot.shiftfit}} {Visualize a range shift process.} | ^ checkRd: (-1) marcher-package.Rd:20: Lost braces; missing escapes or markup? 20 | 4. \code{\link{test_rangeshift}} {Test whether a range shift occurred.} | ^ checkRd: (-1) marcher-package.Rd:22: Lost braces; missing escapes or markup? 22 | 5. \code{\link{test_return}} {Test whether a migration was a return migration.} | ^ checkRd: (-1) marcher-package.Rd:24: Lost braces; missing escapes or markup? 24 | 6. \code{\link{test_stopover}} {Test whether a stopover occurred during a migration.} | ^ checkRd: (-1) quickfit.Rd:25: Lost braces in \itemize; \value handles \item{}{} directly checkRd: (-1) quickfit.Rd:26: Lost braces in \itemize; \value handles \item{}{} directly checkRd: (-1) test_rangeshift.Rd:25: Lost braces in \itemize; \value handles \item{}{} directly checkRd: (-1) test_rangeshift.Rd:26: Lost braces in \itemize; \value handles \item{}{} directly checkRd: (-1) test_rangeshift.Rd:27: Lost braces in \itemize; \value handles \item{}{} directly checkRd: (-1) test_rangeshift.Rd:28: Lost braces in \itemize; \value handles \item{}{} directly Flavors: r-devel-linux-x86_64-debian-clang, r-devel-linux-x86_64-debian-gcc, r-devel-linux-x86_64-fedora-clang, r-devel-linux-x86_64-fedora-gcc, r-prerel-macos-arm64, r-prerel-windows-x86_64, r-patched-linux-x86_64