CRAN Package Check Results for Package maps

Last updated on 2019-07-16 05:48:20 CEST.

Flavor Version Tinstall Tcheck Ttotal Status Flags
r-devel-linux-x86_64-debian-clang 3.3.0 8.53 33.16 41.69 OK
r-devel-linux-x86_64-debian-gcc 3.3.0 5.66 26.80 32.46 OK
r-devel-linux-x86_64-fedora-clang 3.3.0 56.77 OK
r-devel-linux-x86_64-fedora-gcc 3.3.0 49.44 OK
r-devel-windows-ix86+x86_64 3.3.0 50.00 87.00 137.00 OK
r-patched-linux-x86_64 3.3.0 7.34 33.21 40.55 OK
r-patched-solaris-x86 3.3.0 82.50 NOTE
r-release-linux-x86_64 3.3.0 6.81 33.23 40.04 OK
r-release-windows-ix86+x86_64 3.3.0 36.00 96.00 132.00 OK
r-release-osx-x86_64 3.3.0 OK
r-oldrel-windows-ix86+x86_64 3.3.0 57.00 55.00 112.00 OK
r-oldrel-osx-x86_64 3.3.0 OK

Check Details

Version: 3.3.0
Check: installed package size
Result: NOTE
     installed size is 5.3Mb
     sub-directories of 1Mb or more:
     mapdata 4.2Mb
Flavor: r-patched-solaris-x86