CRAN Package Check Results for Package maps

Last updated on 2019-11-18 10:48:18 CET.

Flavor Version Tinstall Tcheck Ttotal Status Flags
r-devel-linux-x86_64-debian-clang 3.3.0 8.43 34.41 42.84 OK
r-devel-linux-x86_64-debian-gcc 3.3.0 6.54 27.29 33.83 OK
r-devel-linux-x86_64-fedora-clang 3.3.0 52.14 OK
r-devel-linux-x86_64-fedora-gcc 3.3.0 51.35 OK
r-devel-windows-ix86+x86_64 3.3.0 55.00 83.00 138.00 OK
r-patched-linux-x86_64 3.3.0 7.28 32.45 39.73 OK
r-patched-solaris-x86 3.3.0 77.30 NOTE
r-release-linux-x86_64 3.3.0 7.01 32.79 39.80 OK
r-release-windows-ix86+x86_64 3.3.0 36.00 57.00 93.00 OK
r-release-osx-x86_64 3.3.0 OK
r-oldrel-windows-ix86+x86_64 3.3.0 53.00 95.00 148.00 OK
r-oldrel-osx-x86_64 3.3.0 OK

Check Details

Version: 3.3.0
Check: installed package size
Result: NOTE
     installed size is 5.3Mb
     sub-directories of 1Mb or more:
     mapdata 4.2Mb
Flavor: r-patched-solaris-x86