CRAN Package Check Results for Package mapchina

Last updated on 2024-05-23 11:49:32 CEST.

Flavor Version Tinstall Tcheck Ttotal Status Flags
r-devel-linux-x86_64-debian-clang 0.1.0 5.59 42.82 48.41 OK
r-devel-linux-x86_64-debian-gcc 0.1.0 4.26 32.68 36.94 OK
r-devel-linux-x86_64-fedora-clang 0.1.0 58.92 NOTE
r-devel-linux-x86_64-fedora-gcc 0.1.0 57.30 NOTE
r-devel-windows-x86_64 0.1.0 5.00 51.00 56.00 OK
r-patched-linux-x86_64 0.1.0 4.75 41.56 46.31 OK
r-release-linux-x86_64 0.1.0 4.84 41.43 46.27 OK
r-release-macos-arm64 0.1.0 22.00 OK
r-release-windows-x86_64 0.1.0 6.00 51.00 57.00 OK
r-oldrel-macos-arm64 0.1.0 27.00 OK
r-oldrel-macos-x86_64 0.1.0 39.00 OK
r-oldrel-windows-x86_64 0.1.0 6.00 57.00 63.00 OK

Check Details

Version: 0.1.0
Check: data for non-ASCII characters
Result: NOTE Note: found 11396 marked UTF-8 strings Flavors: r-devel-linux-x86_64-fedora-clang, r-devel-linux-x86_64-fedora-gcc