CRAN Package Check Results for Package malan

Last updated on 2021-04-21 11:53:34 CEST.

Flavor Version Tinstall Tcheck Ttotal Status Flags
r-devel-linux-x86_64-debian-clang 1.0.2 334.95 94.49 429.44 OK
r-devel-linux-x86_64-debian-gcc 1.0.2 219.88 70.59 290.47 OK
r-devel-linux-x86_64-fedora-clang 1.0.2 594.54 NOTE
r-devel-linux-x86_64-fedora-gcc 1.0.2 572.01 OK
r-devel-windows-ix86+x86_64 1.0.2 566.00 131.00 697.00 OK
r-devel-windows-x86_64-gcc10-UCRT 1.0.2 OK
r-patched-linux-x86_64 1.0.2 275.05 87.52 362.57 OK
r-patched-solaris-x86 1.0.2 462.20 OK
r-release-linux-x86_64 1.0.2 257.81 88.30 346.11 OK
r-release-macos-x86_64 1.0.2 NOTE
r-release-windows-ix86+x86_64 1.0.2 759.00 173.00 932.00 OK
r-oldrel-macos-x86_64 1.0.2 NOTE
r-oldrel-windows-ix86+x86_64 1.0.2 602.00 143.00 745.00 OK

Check Details

Version: 1.0.2
Check: installed package size
Result: NOTE
     installed size is 11.1Mb
     sub-directories of 1Mb or more:
     libs 10.1Mb
Flavors: r-devel-linux-x86_64-fedora-clang, r-release-macos-x86_64, r-oldrel-macos-x86_64