Last updated on 2021-04-20 05:47:38 CEST.
Flavor | Version | Tinstall | Tcheck | Ttotal | Status | Flags |
---|---|---|---|---|---|---|
r-devel-linux-x86_64-debian-clang | 0.6.5 | 3.76 | 73.87 | 77.63 | OK | |
r-devel-linux-x86_64-debian-gcc | 0.6.5 | 2.91 | 58.40 | 61.31 | OK | |
r-devel-linux-x86_64-fedora-clang | 0.6.5 | 105.14 | OK | |||
r-devel-linux-x86_64-fedora-gcc | 0.6.5 | 100.11 | OK | |||
r-devel-windows-ix86+x86_64 | 0.6.5 | 10.00 | 1.00 | 11.00 | ERROR | |
r-devel-windows-x86_64-gcc10-UCRT | 0.6.5 | OK | ||||
r-patched-linux-x86_64 | 0.6.5 | 3.65 | 71.98 | 75.63 | OK | |
r-patched-solaris-x86 | 0.6.5 | 155.50 | OK | |||
r-release-linux-x86_64 | 0.6.5 | 3.14 | 72.13 | 75.27 | OK | |
r-release-macos-x86_64 | 0.6.5 | OK | ||||
r-release-windows-ix86+x86_64 | 0.6.5 | 10.00 | 123.00 | 133.00 | OK | |
r-oldrel-macos-x86_64 | 0.6.5 | OK | ||||
r-oldrel-windows-ix86+x86_64 | 0.6.5 | 8.00 | 143.00 | 151.00 | OK |
Version: 0.6.5
Check: whether package can be installed
Result: ERROR
Installation failed.
See * DONE
Flavor: r-devel-windows-ix86+x86_64