CRAN Package Check Results for Package lvec

Last updated on 2020-09-19 05:49:32 CEST.

Flavor Version Tinstall Tcheck Ttotal Status Flags
r-devel-linux-x86_64-debian-clang 0.2.2 133.50 32.86 166.36 OK
r-devel-linux-x86_64-debian-gcc 0.2.2 97.59 25.51 123.10 OK
r-devel-linux-x86_64-fedora-clang 0.2.2 261.42 NOTE
r-devel-linux-x86_64-fedora-gcc 0.2.2 220.18 OK
r-devel-windows-ix86+x86_64 0.2.2 419.00 65.00 484.00 OK
r-patched-linux-x86_64 0.2.2 100.79 32.41 133.20 OK
r-patched-solaris-x86 0.2.2 184.10 OK
r-release-linux-x86_64 0.2.2 99.04 32.48 131.52 OK
r-release-macos-x86_64 0.2.2 OK
r-release-windows-ix86+x86_64 0.2.2 423.00 68.00 491.00 OK
r-oldrel-macos-x86_64 0.2.2 OK
r-oldrel-windows-ix86+x86_64 0.2.2 270.00 90.00 360.00 OK

Check Details

Version: 0.2.2
Check: installed package size
Result: NOTE
     installed size is 6.7Mb
     sub-directories of 1Mb or more:
     libs 6.5Mb
Flavor: r-devel-linux-x86_64-fedora-clang