CRAN Package Check Results for Package lulcc

Last updated on 2021-05-08 11:50:30 CEST.

Flavor Version Tinstall Tcheck Ttotal Status Flags
r-devel-linux-x86_64-debian-clang 1.0.4 20.84 116.72 137.56 OK
r-devel-linux-x86_64-debian-gcc 1.0.4 17.20 89.64 106.84 OK
r-devel-linux-x86_64-fedora-clang 1.0.4 187.42 OK
r-devel-linux-x86_64-fedora-gcc 1.0.4 166.68 OK
r-devel-windows-ix86+x86_64 1.0.4 32.00 191.00 223.00 OK
r-devel-windows-x86_64-gcc10-UCRT 1.0.4 OK
r-patched-linux-x86_64 1.0.4 22.03 114.31 136.34 OK
r-patched-solaris-x86 1.0.4 235.20 OK
r-release-linux-x86_64 1.0.4 22.01 111.00 133.01 OK
r-release-macos-x86_64 1.0.4 OK
r-release-windows-ix86+x86_64 1.0.4 32.00 154.00 186.00 OK
r-oldrel-macos-x86_64 1.0.4 FAIL
r-oldrel-windows-ix86+x86_64 1.0.4 38.00 146.00 184.00 OK

Check Details

Version: 1.0.4
Check: examples
Result: FAIL
Flavor: r-oldrel-macos-x86_64