CRAN Package Check Results for Package lorentz

Last updated on 2021-04-19 17:48:31 CEST.

Flavor Version Tinstall Tcheck Ttotal Status Flags
r-devel-linux-x86_64-debian-clang 1.0-5 3.30 48.69 51.99 NOTE
r-devel-linux-x86_64-debian-gcc 1.0-5 2.37 38.46 40.83 NOTE
r-devel-linux-x86_64-fedora-clang 1.0-5 73.45 NOTE
r-devel-linux-x86_64-fedora-gcc 1.0-5 63.71 NOTE
r-devel-windows-ix86+x86_64 1.0-5 8.00 57.00 65.00 NOTE
r-devel-windows-x86_64-gcc10-UCRT 1.0-5 NOTE
r-patched-linux-x86_64 1.0-5 3.12 46.68 49.80 OK
r-patched-solaris-x86 1.0-5 88.40 OK
r-release-linux-x86_64 1.0-5 3.11 46.44 49.55 OK
r-release-macos-x86_64 1.0-5 OK
r-release-windows-ix86+x86_64 1.0-5 7.00 74.00 81.00 OK
r-oldrel-macos-x86_64 1.0-5 OK
r-oldrel-windows-ix86+x86_64 1.0-5 5.00 64.00 69.00 OK

Check Details

Version: 1.0-5
Check: LazyData
Result: NOTE
     'LazyData' is specified without a 'data' directory
Flavors: r-devel-linux-x86_64-debian-clang, r-devel-linux-x86_64-debian-gcc, r-devel-linux-x86_64-fedora-clang, r-devel-linux-x86_64-fedora-gcc, r-devel-windows-ix86+x86_64, r-devel-windows-x86_64-gcc10-UCRT