CRAN Package Check Results for Package loo

Last updated on 2020-09-23 18:26:42 CEST.

Flavor Version Tinstall Tcheck Ttotal Status Flags
r-devel-linux-x86_64-debian-clang 2.3.1 6.87 137.68 144.55 OK
r-devel-linux-x86_64-debian-gcc 2.3.1 5.35 101.11 106.46 OK
r-devel-linux-x86_64-fedora-clang 2.3.1 173.25 OK
r-devel-linux-x86_64-fedora-gcc 2.3.1 178.51 OK
r-devel-windows-ix86+x86_64 2.3.1 13.00 181.00 194.00 OK
r-patched-linux-x86_64 2.3.1 6.78 131.57 138.35 NOTE
r-patched-solaris-x86 2.3.1 232.30 OK
r-release-linux-x86_64 2.3.1 7.32 132.71 140.03 OK
r-release-macos-x86_64 2.3.1 OK
r-release-windows-ix86+x86_64 2.3.1 10.00 185.00 195.00 OK
r-oldrel-macos-x86_64 2.3.1 OK
r-oldrel-windows-ix86+x86_64 2.3.1 8.00 193.00 201.00 OK

Check Details

Version: 2.3.1
Check: package dependencies
Result: NOTE
    Package suggested but not available for checking: ‘rstanarm’
Flavor: r-patched-linux-x86_64