CRAN Package Check Results for Package longCatEDA

Last updated on 2024-04-19 11:56:51 CEST.

Flavor Version Tinstall Tcheck Ttotal Status Flags
r-devel-linux-x86_64-debian-clang 0.31 3.37 37.31 40.68 NOTE
r-devel-linux-x86_64-debian-gcc 0.31 NOTE
r-devel-linux-x86_64-fedora-clang 0.31 50.55 NOTE
r-devel-linux-x86_64-fedora-gcc 0.31 48.18 NOTE
r-prerel-macos-arm64 0.31 19.00 NOTE
r-prerel-windows-x86_64 0.31 4.00 51.00 55.00 NOTE
r-patched-linux-x86_64 0.31 4.51 35.72 40.23 NOTE
r-release-linux-x86_64 0.31 3.30 36.43 39.73 OK
r-release-macos-arm64 0.31 19.00 OK
r-release-macos-x86_64 0.31 27.00 OK
r-release-windows-x86_64 0.31 3.00 53.00 56.00 OK
r-oldrel-macos-arm64 0.31 22.00 OK
r-oldrel-windows-x86_64 0.31 5.00 61.00 66.00 OK

Check Details

Version: 0.31
Check: Rd contents
Result: NOTE Argument items with no description in Rd file 'norpt.Rd': ‘alist’ Flavors: r-devel-linux-x86_64-debian-clang, r-devel-linux-x86_64-debian-gcc, r-devel-linux-x86_64-fedora-clang, r-devel-linux-x86_64-fedora-gcc, r-prerel-macos-arm64, r-prerel-windows-x86_64, r-patched-linux-x86_64