CRAN Package Check Results for Package lokern

Last updated on 2019-07-16 05:48:19 CEST.

Flavor Version Tinstall Tcheck Ttotal Status Flags
r-devel-linux-x86_64-debian-clang 1.1-8 3.95 25.64 29.59 OK
r-devel-linux-x86_64-debian-gcc 1.1-8 3.49 20.82 24.31 OK
r-devel-linux-x86_64-fedora-clang 1.1-8 38.80 NOTE
r-devel-linux-x86_64-fedora-gcc 1.1-8 35.83 NOTE
r-devel-windows-ix86+x86_64 1.1-8 21.00 52.00 73.00 OK
r-patched-linux-x86_64 1.1-8 4.40 25.48 29.88 OK
r-patched-solaris-x86 1.1-8 60.80 OK --no-tests
r-release-linux-x86_64 1.1-8 4.04 25.17 29.21 OK
r-release-windows-ix86+x86_64 1.1-8 15.00 71.00 86.00 OK
r-release-osx-x86_64 1.1-8 OK
r-oldrel-windows-ix86+x86_64 1.1-8 19.00 47.00 66.00 OK
r-oldrel-osx-x86_64 1.1-8 OK

Additional issues

LTO valgrind

Check Details

Version: 1.1-8
Check: compiled code
Result: NOTE
    File ‘lokern/libs/lokern.so’:
     Found no calls to: ‘R_registerRoutines’, ‘R_useDynamicSymbols’
    
    It is good practice to register native routines and to disable symbol
    search.
    
    See ‘Writing portable packages’ in the ‘Writing R Extensions’ manual.
Flavors: r-devel-linux-x86_64-fedora-clang, r-devel-linux-x86_64-fedora-gcc