CRAN Package Check Results for Package lokern

Last updated on 2019-11-13 10:47:15 CET.

Flavor Version Tinstall Tcheck Ttotal Status Flags
r-devel-linux-x86_64-debian-clang 1.1-8 4.27 25.16 29.43 OK
r-devel-linux-x86_64-debian-gcc 1.1-8 3.55 20.46 24.01 OK
r-devel-linux-x86_64-fedora-clang 1.1-8 38.87 NOTE
r-devel-linux-x86_64-fedora-gcc 1.1-8 37.20 NOTE
r-devel-windows-ix86+x86_64 1.1-8 19.00 51.00 70.00 OK
r-patched-linux-x86_64 1.1-8 3.98 25.01 28.99 OK
r-patched-solaris-x86 1.1-8 51.10 OK --no-tests
r-release-linux-x86_64 1.1-8 4.21 24.71 28.92 OK
r-release-windows-ix86+x86_64 1.1-8 20.00 53.00 73.00 OK
r-release-osx-x86_64 1.1-8 OK
r-oldrel-windows-ix86+x86_64 1.1-8 11.00 61.00 72.00 OK
r-oldrel-osx-x86_64 1.1-8 OK

Additional issues

LTO valgrind

Check Details

Version: 1.1-8
Check: compiled code
Result: NOTE
    File ‘lokern/libs/lokern.so’:
     Found no calls to: ‘R_registerRoutines’, ‘R_useDynamicSymbols’
    
    It is good practice to register native routines and to disable symbol
    search.
    
    See ‘Writing portable packages’ in the ‘Writing R Extensions’ manual.
Flavors: r-devel-linux-x86_64-fedora-clang, r-devel-linux-x86_64-fedora-gcc