CRAN Package Check Results for Package lit

Last updated on 2024-04-22 17:56:53 CEST.

Flavor Version Tinstall Tcheck Ttotal Status Flags
r-devel-linux-x86_64-debian-clang 1.0.0 150.88 40.50 191.38 NOTE
r-devel-linux-x86_64-debian-gcc 1.0.0 121.42 30.42 151.84 NOTE
r-devel-linux-x86_64-fedora-clang 1.0.0 302.76 NOTE
r-devel-linux-x86_64-fedora-gcc 1.0.0 302.98 NOTE
r-prerel-macos-arm64 1.0.0 63.00 NOTE
r-prerel-windows-x86_64 1.0.0 124.00 73.00 197.00 NOTE
r-patched-linux-x86_64 1.0.0 153.42 38.09 191.51 NOTE
r-release-linux-x86_64 1.0.0 110.75 36.46 147.21 OK
r-release-macos-arm64 1.0.0 61.00 OK
r-release-macos-x86_64 1.0.0 71.00 OK
r-release-windows-x86_64 1.0.0 150.00 81.00 231.00 OK
r-oldrel-macos-arm64 1.0.0 54.00 OK
r-oldrel-windows-x86_64 1.0.0 143.00 80.00 223.00 OK

Check Details

Version: 1.0.0
Check: Rd files
Result: NOTE checkRd: (-1) lit.Rd:21: Lost braces in \itemize; \value handles \item{}{} directly checkRd: (-1) lit.Rd:22: Lost braces in \itemize; \value handles \item{}{} directly checkRd: (-1) lit.Rd:23: Lost braces in \itemize; \value handles \item{}{} directly checkRd: (-1) lit_plink.Rd:23: Lost braces in \itemize; \value handles \item{}{} directly checkRd: (-1) lit_plink.Rd:24: Lost braces in \itemize; \value handles \item{}{} directly checkRd: (-1) lit_plink.Rd:25: Lost braces in \itemize; \value handles \item{}{} directly Flavors: r-devel-linux-x86_64-debian-clang, r-devel-linux-x86_64-debian-gcc, r-devel-linux-x86_64-fedora-clang, r-devel-linux-x86_64-fedora-gcc, r-prerel-macos-arm64, r-prerel-windows-x86_64, r-patched-linux-x86_64