CRAN Package Check Results for Package lifeR

Last updated on 2024-05-22 11:25:00 CEST.

Flavor Version Tinstall Tcheck Ttotal Status Flags
r-devel-linux-x86_64-debian-clang 1.0.2 29.61 308.73 338.34 OK
r-devel-linux-x86_64-debian-gcc 1.0.2 24.16 213.83 237.99 OK
r-devel-linux-x86_64-fedora-clang 1.0.2 439.66 NOTE
r-devel-linux-x86_64-fedora-gcc 1.0.2 415.27 NOTE
r-devel-windows-x86_64 1.0.2 23.00 182.00 205.00 OK
r-patched-linux-x86_64 1.0.2 19.33 290.64 309.97 OK
r-release-linux-x86_64 1.0.2 18.92 291.11 310.03 OK
r-release-macos-arm64 1.0.2 94.00 OK
r-release-macos-x86_64 1.0.2 214.00 OK
r-release-windows-x86_64 1.0.2 24.00 187.00 211.00 OK
r-oldrel-macos-arm64 1.0.2 97.00 OK
r-oldrel-macos-x86_64 1.0.2 220.00 OK
r-oldrel-windows-x86_64 1.0.2 34.00 236.00 270.00 OK

Check Details

Version: 1.0.2
Check: dependencies in R code
Result: NOTE Namespace in Imports field not imported from: ‘knitr’ All declared Imports should be used. Flavors: r-devel-linux-x86_64-fedora-clang, r-devel-linux-x86_64-fedora-gcc