CRAN Package Check Results for Package lidR

Last updated on 2020-01-25 04:46:53 CET.

Flavor Version Tinstall Tcheck Ttotal Status Flags
r-devel-linux-x86_64-debian-clang 2.2.1 118.51 323.46 441.97 OK
r-devel-linux-x86_64-debian-gcc 2.2.1 84.13 244.70 328.83 OK
r-devel-linux-x86_64-fedora-clang 2.2.1 571.49 NOTE
r-devel-linux-x86_64-fedora-gcc 2.2.1 548.55 OK
r-devel-windows-ix86+x86_64 2.2.1 283.00 643.00 926.00 NOTE
r-devel-windows-ix86+x86_64-gcc8 2.2.0 284.00 487.00 771.00 NOTE
r-patched-linux-x86_64 2.2.1 87.88 290.82 378.70 OK
r-patched-solaris-x86 2.2.1 526.20 OK
r-release-linux-x86_64 2.2.1 87.46 291.96 379.42 OK
r-release-windows-ix86+x86_64 2.2.1 200.00 478.00 678.00 NOTE
r-release-osx-x86_64 2.2.1 NOTE
r-oldrel-windows-ix86+x86_64 2.2.1 255.00 581.00 836.00 ERROR
r-oldrel-osx-x86_64 2.2.1 NOTE

Additional issues

gcc-ASAN

Check Details

Version: 2.2.1
Check: installed package size
Result: NOTE
     installed size is 10.1Mb
     sub-directories of 1Mb or more:
     extdata 1.2Mb
     libs 6.8Mb
Flavors: r-devel-linux-x86_64-fedora-clang, r-devel-windows-ix86+x86_64, r-release-windows-ix86+x86_64, r-release-osx-x86_64, r-oldrel-windows-ix86+x86_64, r-oldrel-osx-x86_64

Version: 2.2.0
Check: installed package size
Result: NOTE
     installed size is 6.1Mb
     sub-directories of 1Mb or more:
     extdata 1.1Mb
     libs 3.0Mb
Flavor: r-devel-windows-ix86+x86_64-gcc8

Version: 2.2.1
Check: dependencies in R code
Result: NOTE
    No protocol specified
Flavors: r-release-osx-x86_64, r-oldrel-osx-x86_64

Version: 2.2.1
Check: running tests for arch ‘i386’
Result: ERROR
     Running 'testthat.R' [92s]
    Running the tests in 'tests/testthat.R' failed.
    Complete output:
     > Sys.setenv("R_TESTS" = "")
     >
     > library(testthat)
     > library(lidR)
     Loading required package: raster
     Loading required package: sp
     >
     > options(lidR.progress = FALSE)
     >
     > test_check("lidR")
     An high range R has been computed relatively to the expected average range Rm = 2291
     Point number 3492 at (x,y,z,t) = (273374.05, 5274641.91, 802.63, 220367381.01)
     Matched with sensor between (273318.60, 5274400.48, 3111.36, 220367381.00) and (273350.35, 5274401.25, 3100.83, 220367381.50)
     The range computed was R = 3094850873424843782822488466242462040640280884020044020204206806008428044880208602262288040804002486864084646064020660082284806224602686008866608826880686440880002866204066466002624662822882682800228860024420800440.00
     Check the correctness of the sensor positions and the correctness of the gpstime either in the point cloud or in the sensor positions.
     -- 1. Error: lasrangecorrection works with 3 coordinates SpatialPointsDataFrame
     Unrealistic range: see message above
     Backtrace:
     1. lidR::lasrangecorrection(las, sensor, Rs = 2000)
     2. lidR:::lasrangecorrection.LAS(las, sensor, Rs = 2000)
     3. lidR:::C_lasrangecorrection(las, fl, Rs, f)
    
     == testthat results ===========================================================
     [ OK: 939 | SKIPPED: 0 | WARNINGS: 0 | FAILED: 1 ]
     1. Error: lasrangecorrection works with 3 coordinates SpatialPointsDataFrame (@test-lasrangecorrection.R#51)
    
     Error: testthat unit tests failed
     Execution halted
Flavor: r-oldrel-windows-ix86+x86_64