CRAN Package Check Results for Package lidR

Last updated on 2020-08-06 17:49:23 CEST.

Flavor Version Tinstall Tcheck Ttotal Status Flags
r-devel-linux-x86_64-debian-clang 3.0.3 112.20 342.22 454.42 OK
r-devel-linux-x86_64-debian-gcc 3.0.3 86.68 253.21 339.89 OK
r-devel-linux-x86_64-fedora-clang 3.0.3 472.13 NOTE
r-devel-linux-x86_64-fedora-gcc 3.0.3 600.56 OK
r-devel-windows-ix86+x86_64 3.0.3 236.00 687.00 923.00 NOTE
r-patched-linux-x86_64 3.0.3 96.81 329.57 426.38 OK
r-patched-solaris-x86 3.0.3 663.30 NOTE
r-release-linux-x86_64 3.0.3 87.27 329.81 417.08 OK
r-release-macos-x86_64 3.0.3 NOTE
r-release-windows-ix86+x86_64 3.0.3 238.00 722.00 960.00 NOTE
r-oldrel-macos-x86_64 3.0.3 NOTE
r-oldrel-windows-ix86+x86_64 3.0.3 243.00 547.00 790.00 NOTE

Check Details

Version: 3.0.3
Check: installed package size
Result: NOTE
     installed size is 12.5Mb
     sub-directories of 1Mb or more:
     doc 1.2Mb
     extdata 1.2Mb
     libs 8.7Mb
Flavors: r-devel-linux-x86_64-fedora-clang, r-devel-windows-ix86+x86_64, r-patched-solaris-x86, r-release-macos-x86_64, r-release-windows-ix86+x86_64, r-oldrel-macos-x86_64, r-oldrel-windows-ix86+x86_64