CRAN Package Check Results for Package libr

Last updated on 2021-04-21 11:53:33 CEST.

Flavor Version Tinstall Tcheck Ttotal Status Flags
r-devel-linux-x86_64-debian-clang 1.1.3 11.28 98.99 110.27 NOTE
r-devel-linux-x86_64-debian-gcc 1.1.3 7.49 74.32 81.81 NOTE
r-devel-linux-x86_64-fedora-clang 1.1.3 142.76 NOTE
r-devel-linux-x86_64-fedora-gcc 1.1.3 125.73 NOTE
r-devel-windows-ix86+x86_64 1.1.3 12.00 111.00 123.00 NOTE
r-devel-windows-x86_64-gcc10-UCRT 1.1.3 NOTE
r-patched-linux-x86_64 1.1.3 12.49 91.99 104.48 OK
r-patched-solaris-x86 1.1.3 179.30 OK
r-release-linux-x86_64 1.1.3 9.47 91.11 100.58 OK
r-release-macos-x86_64 1.1.3 OK
r-release-windows-ix86+x86_64 1.1.3 16.00 136.00 152.00 OK
r-oldrel-macos-x86_64 1.1.3 ERROR

Check Details

Version: 1.1.3
Check: LazyData
Result: NOTE
     'LazyData' is specified without a 'data' directory
Flavors: r-devel-linux-x86_64-debian-clang, r-devel-linux-x86_64-debian-gcc, r-devel-linux-x86_64-fedora-clang, r-devel-linux-x86_64-fedora-gcc, r-devel-windows-ix86+x86_64, r-devel-windows-x86_64-gcc10-UCRT

Version: 1.1.3
Check: Rd cross-references
Result: NOTE
    Undeclared package ‘fmtr’ in Rd xrefs
Flavor: r-devel-linux-x86_64-fedora-clang

Version: 1.1.3
Check: whether package can be installed
Result: ERROR
    Installation failed.
Flavor: r-oldrel-macos-x86_64