CRAN Package Check Results for Package ldatuning

Last updated on 2021-05-16 17:46:54 CEST.

Flavor Version Tinstall Tcheck Ttotal Status Flags
r-devel-linux-x86_64-debian-clang 1.0.2 6.05 64.37 70.42 NOTE
r-devel-linux-x86_64-debian-gcc 1.0.2 4.80 48.69 53.49 NOTE
r-devel-linux-x86_64-fedora-clang 1.0.2 91.61 NOTE
r-devel-linux-x86_64-fedora-gcc 1.0.2 80.54 NOTE
r-devel-windows-ix86+x86_64 1.0.2 16.00 91.00 107.00 NOTE
r-devel-windows-x86_64-gcc10-UCRT 1.0.2 NOTE
r-patched-linux-x86_64 1.0.2 10.10 60.17 70.27 NOTE
r-patched-solaris-x86 1.0.2 157.50 NOTE
r-release-linux-x86_64 1.0.2 5.04 60.58 65.62 OK
r-release-macos-x86_64 1.0.2 OK
r-release-windows-ix86+x86_64 1.0.2 10.00 98.00 108.00 OK
r-oldrel-macos-x86_64 1.0.2 OK
r-oldrel-windows-ix86+x86_64 1.0.2 9.00 96.00 105.00 OK

Check Details

Version: 1.0.2
Check: LazyData
Result: NOTE
     'LazyData' is specified without a 'data' directory
Flavors: r-devel-linux-x86_64-debian-clang, r-devel-linux-x86_64-debian-gcc, r-devel-linux-x86_64-fedora-clang, r-devel-linux-x86_64-fedora-gcc, r-devel-windows-ix86+x86_64, r-devel-windows-x86_64-gcc10-UCRT, r-patched-linux-x86_64, r-patched-solaris-x86

Version: 1.0.2
Check: Rd cross-references
Result: NOTE
    Undeclared package ‘tm’ in Rd xrefs
Flavor: r-devel-linux-x86_64-fedora-clang