CRAN Package Check Results for Package lazyraster

Last updated on 2020-02-25 16:48:13 CET.

Flavor Version Tinstall Tcheck Ttotal Status Flags
r-devel-linux-x86_64-debian-clang 0.5.0 10.73 79.07 89.80 OK
r-devel-linux-x86_64-debian-gcc 0.5.0 9.83 61.96 71.79 OK
r-devel-linux-x86_64-fedora-clang 0.5.0 114.28 WARN
r-devel-linux-x86_64-fedora-gcc 0.5.0 113.98 WARN
r-devel-windows-ix86+x86_64 0.5.0 20.00 82.00 102.00 OK
r-devel-windows-ix86+x86_64-gcc8 0.5.0 22.00 80.00 102.00 OK
r-patched-linux-x86_64 0.5.0 10.71 69.43 80.14 OK
r-patched-solaris-x86 0.5.0 143.00 OK
r-release-linux-x86_64 0.5.0 9.09 69.38 78.47 OK
r-release-windows-ix86+x86_64 0.5.0 18.00 79.00 97.00 OK
r-release-osx-x86_64 0.5.0 OK
r-oldrel-windows-ix86+x86_64 0.5.0 13.00 82.00 95.00 OK
r-oldrel-osx-x86_64 0.5.0 OK

Check Details

Version: 0.5.0
Check: whether package can be installed
Result: WARN
    Found the following significant warnings:
     Warning: namespace ‘rgdal’ is not available and has been replaced
Flavors: r-devel-linux-x86_64-fedora-clang, r-devel-linux-x86_64-fedora-gcc