CRAN Package Check Results for Package kofdata

Last updated on 2021-04-23 00:48:51 CEST.

Flavor Version Tinstall Tcheck Ttotal Status Flags
r-devel-linux-x86_64-debian-clang 0.1.5 2.20 31.81 34.01 NOTE
r-devel-linux-x86_64-debian-gcc 0.1.5 2.15 24.88 27.03 NOTE
r-devel-linux-x86_64-fedora-clang 0.1.5 54.58 NOTE
r-devel-linux-x86_64-fedora-gcc 0.1.5 41.33 NOTE
r-devel-windows-ix86+x86_64 0.1.5 7.00 46.00 53.00 NOTE
r-devel-windows-x86_64-gcc10-UCRT 0.1.5 NOTE
r-patched-linux-x86_64 0.1.5 2.30 30.88 33.18 OK
r-patched-solaris-x86 0.1.5 64.30 OK
r-release-linux-x86_64 0.1.5 2.72 31.14 33.86 OK
r-release-macos-x86_64 0.1.5 OK
r-release-windows-ix86+x86_64 0.1.5 6.00 48.00 54.00 OK
r-oldrel-macos-x86_64 0.1.5 OK
r-oldrel-windows-ix86+x86_64 0.1.5 12.00 52.00 64.00 OK

Check Details

Version: 0.1.5
Check: LazyData
Result: NOTE
     'LazyData' is specified without a 'data' directory
Flavors: r-devel-linux-x86_64-debian-clang, r-devel-linux-x86_64-debian-gcc, r-devel-linux-x86_64-fedora-clang, r-devel-linux-x86_64-fedora-gcc, r-devel-windows-ix86+x86_64, r-devel-windows-x86_64-gcc10-UCRT