CRAN Package Check Results for Package jstor

Last updated on 2020-02-25 16:48:12 CET.

Flavor Version Tinstall Tcheck Ttotal Status Flags
r-devel-linux-x86_64-debian-clang 0.3.7 6.44 71.06 77.50 OK
r-devel-linux-x86_64-debian-gcc 0.3.7 5.15 53.83 58.98 OK
r-devel-linux-x86_64-fedora-clang 0.3.7 90.66 OK
r-devel-linux-x86_64-fedora-gcc 0.3.7 88.69 OK
r-devel-windows-ix86+x86_64 0.3.7 14.00 79.00 93.00 OK
r-devel-windows-ix86+x86_64-gcc8 0.3.7 18.00 85.00 103.00 OK
r-patched-linux-x86_64 0.3.7 4.26 61.86 66.12 OK
r-patched-solaris-x86 0.3.7 120.90 OK
r-release-linux-x86_64 0.3.7 6.04 62.46 68.50 OK
r-release-windows-ix86+x86_64 0.3.7 11.00 83.00 94.00 OK
r-release-osx-x86_64 0.3.7 NOTE
r-oldrel-windows-ix86+x86_64 0.3.7 8.00 81.00 89.00 OK
r-oldrel-osx-x86_64 0.3.7 NOTE

Check Details

Version: 0.3.7
Check: dependencies in R code
Result: NOTE
    Missing or unexported object: ‘tidyr::unnest_legacy’
Flavors: r-release-osx-x86_64, r-oldrel-osx-x86_64