CRAN Package Check Results for Package jpmesh

Last updated on 2021-04-14 11:52:17 CEST.

Flavor Version Tinstall Tcheck Ttotal Status Flags
r-devel-linux-x86_64-debian-clang 2.0.1 11.26 191.89 203.15 OK
r-devel-linux-x86_64-debian-gcc 2.0.1 9.40 143.21 152.61 OK
r-devel-linux-x86_64-fedora-clang 2.0.1 245.00 NOTE
r-devel-linux-x86_64-fedora-gcc 2.0.1 231.75 NOTE
r-devel-windows-ix86+x86_64 2.0.1 28.00 232.00 260.00 OK
r-devel-windows-x86_64-gcc10-UCRT 2.0.1 NOTE
r-patched-linux-x86_64 2.0.1 10.40 182.08 192.48 OK
r-patched-solaris-x86 2.0.1 342.20 NOTE
r-release-linux-x86_64 2.0.1 7.78 184.17 191.95 OK
r-release-macos-x86_64 2.0.1 NOTE
r-release-windows-ix86+x86_64 2.0.1 26.00 235.00 261.00 OK
r-oldrel-macos-x86_64 2.0.1 NOTE
r-oldrel-windows-ix86+x86_64 2.0.1 18.00 176.00 194.00 OK

Check Details

Version: 2.0.1
Check: data for non-ASCII characters
Result: NOTE
     Note: found 176 marked UTF-8 strings
Flavors: r-devel-linux-x86_64-fedora-clang, r-devel-linux-x86_64-fedora-gcc, r-devel-windows-x86_64-gcc10-UCRT, r-patched-solaris-x86, r-release-macos-x86_64, r-oldrel-macos-x86_64