CRAN Package Check Results for Package irtGUI

Last updated on 2021-06-25 11:52:31 CEST.

Flavor Version Tinstall Tcheck Ttotal Status Flags
r-devel-linux-x86_64-debian-clang 0.2 10.77 90.42 101.19 NOTE
r-devel-linux-x86_64-debian-gcc 0.2 8.55 71.26 79.81 NOTE
r-devel-linux-x86_64-fedora-clang 0.2 130.78 NOTE
r-devel-linux-x86_64-fedora-gcc 0.2 122.54 NOTE
r-devel-windows-x86_64 0.2 17.00 79.00 96.00 NOTE
r-devel-windows-x86_64-gcc10-UCRT 0.2 NOTE
r-patched-linux-x86_64 0.2 9.34 87.29 96.63 NOTE
r-patched-solaris-x86 0.2 186.50 NOTE
r-release-linux-x86_64 0.2 10.97 88.35 99.32 NOTE
r-release-macos-arm64 0.2 NOTE
r-release-macos-x86_64 0.2 NOTE
r-release-windows-ix86+x86_64 0.2 20.00 78.00 98.00 NOTE
r-oldrel-macos-x86_64 0.2 OK
r-oldrel-windows-ix86+x86_64 0.2 25.00 91.00 116.00 OK

Check Details

Version: 0.2
Check: LazyData
Result: NOTE
     'LazyData' is specified without a 'data' directory
Flavors: r-devel-linux-x86_64-debian-clang, r-devel-linux-x86_64-debian-gcc, r-devel-linux-x86_64-fedora-clang, r-devel-linux-x86_64-fedora-gcc, r-devel-windows-x86_64, r-devel-windows-x86_64-gcc10-UCRT, r-patched-linux-x86_64, r-patched-solaris-x86, r-release-linux-x86_64, r-release-macos-arm64, r-release-macos-x86_64, r-release-windows-ix86+x86_64