CRAN Package Check Results for Package ips

Last updated on 2020-02-25 16:48:12 CET.

Flavor Version Tinstall Tcheck Ttotal Status Flags
r-devel-linux-x86_64-debian-clang 0.0.11 13.00 87.58 100.58 OK
r-devel-linux-x86_64-debian-gcc 0.0.11 10.56 68.97 79.53 OK
r-devel-linux-x86_64-fedora-clang 0.0.11 120.97 NOTE
r-devel-linux-x86_64-fedora-gcc 0.0.11 119.63 NOTE
r-devel-windows-ix86+x86_64 0.0.11 19.00 95.00 114.00 OK
r-devel-windows-ix86+x86_64-gcc8 0.0.11 20.00 96.00 116.00 OK
r-patched-linux-x86_64 0.0.11 9.50 77.74 87.24 OK
r-patched-solaris-x86 0.0.11 159.80 NOTE
r-release-linux-x86_64 0.0.11 9.93 76.49 86.42 OK
r-release-windows-ix86+x86_64 0.0.11 16.00 87.00 103.00 OK
r-release-osx-x86_64 0.0.11 NOTE
r-oldrel-windows-ix86+x86_64 0.0.11 15.00 88.00 103.00 OK
r-oldrel-osx-x86_64 0.0.11 NOTE

Check Details

Version: 0.0.11
Check: dependencies in R code
Result: NOTE
    Namespace in Imports field not imported from: ‘seqinr’
     All declared Imports should be used.
Flavors: r-devel-linux-x86_64-fedora-clang, r-devel-linux-x86_64-fedora-gcc, r-patched-solaris-x86, r-release-osx-x86_64, r-oldrel-osx-x86_64