CRAN Package Check Results for Package ionr

Last updated on 2021-06-25 05:51:52 CEST.

Flavor Version Tinstall Tcheck Ttotal Status Flags
r-devel-linux-x86_64-debian-clang 0.3.0 3.09 36.91 40.00 NOTE
r-devel-linux-x86_64-debian-gcc 0.3.0 2.00 28.36 30.36 NOTE
r-devel-linux-x86_64-fedora-clang 0.3.0 56.84 NOTE
r-devel-linux-x86_64-fedora-gcc 0.3.0 46.64 NOTE
r-devel-windows-x86_64 0.3.0 5.00 42.00 47.00 NOTE
r-devel-windows-x86_64-gcc10-UCRT 0.3.0 NOTE
r-patched-linux-x86_64 0.3.0 3.03 36.00 39.03 NOTE
r-patched-solaris-x86 0.3.0 70.50 NOTE
r-release-linux-x86_64 0.3.0 2.94 35.87 38.81 NOTE
r-release-macos-arm64 0.3.0 NOTE
r-release-macos-x86_64 0.3.0 NOTE
r-release-windows-ix86+x86_64 0.3.0 5.00 39.00 44.00 NOTE
r-oldrel-macos-x86_64 0.3.0 OK
r-oldrel-windows-ix86+x86_64 0.3.0 6.00 44.00 50.00 OK

Check Details

Version: 0.3.0
Check: LazyData
Result: NOTE
     'LazyData' is specified without a 'data' directory
Flavors: r-devel-linux-x86_64-debian-clang, r-devel-linux-x86_64-debian-gcc, r-devel-linux-x86_64-fedora-clang, r-devel-linux-x86_64-fedora-gcc, r-devel-windows-x86_64, r-devel-windows-x86_64-gcc10-UCRT, r-patched-linux-x86_64, r-patched-solaris-x86, r-release-linux-x86_64, r-release-macos-arm64, r-release-macos-x86_64, r-release-windows-ix86+x86_64