CRAN Package Check Results for Package intrval

Last updated on 2021-04-20 05:47:36 CEST.

Flavor Version Tinstall Tcheck Ttotal Status Flags
r-devel-linux-x86_64-debian-clang 0.1-2 2.31 35.52 37.83 NOTE
r-devel-linux-x86_64-debian-gcc 0.1-2 1.80 27.57 29.37 NOTE
r-devel-linux-x86_64-fedora-clang 0.1-2 59.05 NOTE
r-devel-linux-x86_64-fedora-gcc 0.1-2 45.32 NOTE
r-devel-windows-ix86+x86_64 0.1-2 5.00 51.00 56.00 NOTE
r-devel-windows-x86_64-gcc10-UCRT 0.1-2 NOTE
r-patched-linux-x86_64 0.1-2 2.47 34.04 36.51 OK
r-patched-solaris-x86 0.1-2 66.40 OK
r-release-linux-x86_64 0.1-2 2.36 34.27 36.63 OK
r-release-macos-x86_64 0.1-2 OK
r-release-windows-ix86+x86_64 0.1-2 5.00 41.00 46.00 OK
r-oldrel-macos-x86_64 0.1-2 OK
r-oldrel-windows-ix86+x86_64 0.1-2 3.00 33.00 36.00 OK

Check Details

Version: 0.1-2
Check: LazyData
Result: NOTE
     'LazyData' is specified without a 'data' directory
Flavors: r-devel-linux-x86_64-debian-clang, r-devel-linux-x86_64-debian-gcc, r-devel-linux-x86_64-fedora-clang, r-devel-linux-x86_64-fedora-gcc, r-devel-windows-ix86+x86_64, r-devel-windows-x86_64-gcc10-UCRT