CRAN Package Check Results for Package influenceAUC

Last updated on 2021-05-08 00:47:08 CEST.

Flavor Version Tinstall Tcheck Ttotal Status Flags
r-devel-linux-x86_64-debian-clang 0.1.2 6.69 58.00 64.69 NOTE
r-devel-linux-x86_64-debian-gcc 0.1.2 4.73 43.27 48.00 NOTE
r-devel-linux-x86_64-fedora-clang 0.1.2 84.06 NOTE
r-devel-linux-x86_64-fedora-gcc 0.1.2 73.73 NOTE
r-devel-windows-ix86+x86_64 0.1.2 20.00 76.00 96.00 NOTE
r-devel-windows-x86_64-gcc10-UCRT 0.1.2 NOTE
r-patched-linux-x86_64 0.1.2 5.31 54.78 60.09 NOTE
r-patched-solaris-x86 0.1.2 106.00 OK
r-release-linux-x86_64 0.1.2 4.89 53.63 58.52 OK
r-release-macos-x86_64 0.1.2 OK
r-release-windows-ix86+x86_64 0.1.2 11.00 59.00 70.00 OK
r-oldrel-macos-x86_64 0.1.2 OK
r-oldrel-windows-ix86+x86_64 0.1.2 12.00 82.00 94.00 OK

Check Details

Version: 0.1.2
Check: LazyData
Result: NOTE
     'LazyData' is specified without a 'data' directory
Flavors: r-devel-linux-x86_64-debian-clang, r-devel-linux-x86_64-debian-gcc, r-devel-linux-x86_64-fedora-clang, r-devel-linux-x86_64-fedora-gcc, r-devel-windows-ix86+x86_64, r-devel-windows-x86_64-gcc10-UCRT, r-patched-linux-x86_64