Last updated on 2021-04-22 11:50:18 CEST.
Flavor | Version | Tinstall | Tcheck | Ttotal | Status | Flags |
---|---|---|---|---|---|---|
r-devel-linux-x86_64-debian-clang | 0.0.2 | 2.30 | 27.69 | 29.99 | OK | |
r-devel-linux-x86_64-debian-gcc | 0.0.2 | 1.84 | 21.97 | 23.81 | OK | |
r-devel-linux-x86_64-fedora-clang | 0.0.2 | 46.81 | NOTE | |||
r-devel-linux-x86_64-fedora-gcc | 0.0.2 | 36.02 | NOTE | |||
r-devel-windows-ix86+x86_64 | 0.0.2 | 6.00 | 47.00 | 53.00 | OK | |
r-devel-windows-x86_64-gcc10-UCRT | 0.0.2 | NOTE | ||||
r-patched-linux-x86_64 | 0.0.2 | 2.65 | 27.41 | 30.06 | OK | |
r-patched-solaris-x86 | 0.0.2 | 56.10 | NOTE | |||
r-release-linux-x86_64 | 0.0.2 | 2.35 | 27.43 | 29.78 | OK | |
r-release-macos-x86_64 | 0.0.2 | NOTE | ||||
r-release-windows-ix86+x86_64 | 0.0.2 | 6.00 | 45.00 | 51.00 | OK | |
r-oldrel-macos-x86_64 | 0.0.2 | NOTE | ||||
r-oldrel-windows-ix86+x86_64 | 0.0.2 | 30.00 | 50.00 | 80.00 | OK |
Version: 0.0.2
Check: data for non-ASCII characters
Result: NOTE
Note: found 359 marked UTF-8 strings
Flavors: r-devel-linux-x86_64-fedora-clang, r-devel-linux-x86_64-fedora-gcc, r-devel-windows-x86_64-gcc10-UCRT, r-patched-solaris-x86, r-release-macos-x86_64, r-oldrel-macos-x86_64