CRAN Package Check Results for Package iWeigReg

Last updated on 2021-06-25 11:52:31 CEST.

Flavor Version Tinstall Tcheck Ttotal Status Flags
r-devel-linux-x86_64-debian-clang 1.0 2.77 32.79 35.56 NOTE
r-devel-linux-x86_64-debian-gcc 1.0 2.50 26.11 28.61 NOTE
r-devel-linux-x86_64-fedora-clang 1.0 55.45 NOTE
r-devel-linux-x86_64-fedora-gcc 1.0 43.01 NOTE
r-devel-windows-x86_64 1.0 5.00 44.00 49.00 NOTE
r-devel-windows-x86_64-gcc10-UCRT 1.0 NOTE
r-patched-linux-x86_64 1.0 3.07 32.65 35.72 NOTE
r-patched-solaris-x86 1.0 61.90 NOTE
r-release-linux-x86_64 1.0 3.24 33.09 36.33 NOTE
r-release-macos-arm64 1.0 NOTE
r-release-macos-x86_64 1.0 NOTE
r-release-windows-ix86+x86_64 1.0 6.00 49.00 55.00 NOTE
r-oldrel-macos-x86_64 1.0 NOTE
r-oldrel-windows-ix86+x86_64 1.0 6.00 53.00 59.00 NOTE

Check Details

Version: 1.0
Check: DESCRIPTION meta-information
Result: NOTE
    Malformed Description field: should contain one or more complete sentences.
Flavors: r-devel-linux-x86_64-debian-clang, r-devel-linux-x86_64-debian-gcc, r-devel-linux-x86_64-fedora-clang, r-devel-linux-x86_64-fedora-gcc, r-devel-windows-x86_64, r-devel-windows-x86_64-gcc10-UCRT, r-patched-linux-x86_64, r-patched-solaris-x86, r-release-linux-x86_64, r-release-macos-arm64, r-release-macos-x86_64, r-release-windows-ix86+x86_64, r-oldrel-macos-x86_64, r-oldrel-windows-ix86+x86_64

Version: 1.0
Check: R code for possible problems
Result: NOTE
    histw: no visible global function definition for 'plot.new'
    histw: no visible global function definition for 'plot.window'
    histw: no visible global function definition for 'axis'
    histw: no visible global function definition for 'rect'
    histw: no visible global function definition for 'lines'
    Undefined global functions or variables:
     axis lines plot.new plot.window rect
    Consider adding
     importFrom("graphics", "axis", "lines", "plot.new", "plot.window",
     "rect")
    to your NAMESPACE file.
Flavors: r-devel-linux-x86_64-debian-clang, r-devel-linux-x86_64-debian-gcc, r-devel-linux-x86_64-fedora-clang, r-devel-linux-x86_64-fedora-gcc, r-devel-windows-x86_64, r-devel-windows-x86_64-gcc10-UCRT, r-patched-linux-x86_64, r-patched-solaris-x86, r-release-linux-x86_64, r-release-macos-arm64, r-release-macos-x86_64, r-release-windows-ix86+x86_64, r-oldrel-macos-x86_64, r-oldrel-windows-ix86+x86_64