CRAN Package Check Results for Package iFad

Last updated on 2021-05-08 00:47:07 CEST.

Flavor Version Tinstall Tcheck Ttotal Status Flags
r-devel-linux-x86_64-debian-clang 3.0 4.06 43.86 47.92 NOTE
r-devel-linux-x86_64-debian-gcc 3.0 3.01 33.90 36.91 NOTE
r-devel-linux-x86_64-fedora-clang 3.0 66.89 NOTE
r-devel-linux-x86_64-fedora-gcc 3.0 56.15 NOTE
r-devel-windows-ix86+x86_64 3.0 6.00 68.00 74.00 NOTE
r-devel-windows-x86_64-gcc10-UCRT 3.0 NOTE
r-patched-linux-x86_64 3.0 3.20 42.62 45.82 NOTE
r-patched-solaris-x86 3.0 89.40 NOTE
r-release-linux-x86_64 3.0 3.64 41.87 45.51 NOTE
r-release-macos-x86_64 3.0 NOTE
r-release-windows-ix86+x86_64 3.0 7.00 52.00 59.00 NOTE
r-oldrel-macos-x86_64 3.0 NOTE

Check Details

Version: 3.0
Check: R code for possible problems
Result: NOTE
    ROC_plot: no visible global function definition for 'pdf'
    ROC_plot: no visible global function definition for 'par'
    ROC_plot: no visible global function definition for 'dev.off'
    Ymean_compare: no visible binding for global variable 'sd'
    Ymean_compare: no visible global function definition for 'pdf'
    Ymean_compare: no visible global function definition for 'par'
    Ymean_compare: no visible global function definition for 'dev.off'
    data_simulation: no visible global function definition for 'rnorm'
    gibbs_sampling: no visible global function definition for 'rnorm'
    mcmc_trace_plot: no visible global function definition for 'pdf'
    mcmc_trace_plot: no visible global function definition for 'dev.off'
    Undefined global functions or variables:
     dev.off par pdf rnorm sd
    Consider adding
     importFrom("grDevices", "dev.off", "pdf")
     importFrom("graphics", "par")
     importFrom("stats", "rnorm", "sd")
    to your NAMESPACE file.
Flavors: r-devel-linux-x86_64-debian-clang, r-devel-linux-x86_64-debian-gcc, r-devel-linux-x86_64-fedora-clang, r-devel-linux-x86_64-fedora-gcc, r-devel-windows-ix86+x86_64, r-devel-windows-x86_64-gcc10-UCRT, r-patched-linux-x86_64, r-patched-solaris-x86, r-release-linux-x86_64, r-release-macos-x86_64, r-release-windows-ix86+x86_64, r-oldrel-macos-x86_64

Version: 3.0
Check: for non-standard things in the check directory
Result: NOTE
    Found the following files/directories:
     'Demo_Gibbs_result.RData' 'Demo_traceplot.pdf' 'RMSE_demo.RData'
     'RMSE_plot.pdf' 'ROC_plot.pdf' 'ROC_result.RData' 'demo_data.RData'
Flavors: r-devel-linux-x86_64-debian-clang, r-devel-linux-x86_64-debian-gcc, r-devel-linux-x86_64-fedora-clang, r-devel-linux-x86_64-fedora-gcc, r-patched-linux-x86_64, r-patched-solaris-x86, r-release-linux-x86_64