CRAN Package Check Results for Package hmm.discnp

Last updated on 2021-04-20 05:47:35 CEST.

Flavor Version Tinstall Tcheck Ttotal Status Flags
r-devel-linux-x86_64-debian-clang 3.0-6 7.94 51.42 59.36 OK
r-devel-linux-x86_64-debian-gcc 3.0-6 6.56 38.28 44.84 OK
r-devel-linux-x86_64-fedora-clang 3.0-6 80.06 NOTE
r-devel-linux-x86_64-fedora-gcc 3.0-6 71.17 OK
r-devel-windows-ix86+x86_64 3.0-6 20.00 68.00 88.00 OK
r-devel-windows-x86_64-gcc10-UCRT 3.0-6 OK
r-patched-linux-x86_64 3.0-6 9.83 47.70 57.53 OK
r-patched-solaris-x86 3.0-6 93.00 OK
r-release-linux-x86_64 3.0-6 8.10 47.50 55.60 OK
r-release-macos-x86_64 3.0-6 OK
r-release-windows-ix86+x86_64 3.0-6 21.00 86.00 107.00 OK
r-oldrel-macos-x86_64 3.0-6 OK
r-oldrel-windows-ix86+x86_64 3.0-6 16.00 78.00 94.00 OK

Check Details

Version: 3.0-6
Check: Rd cross-references
Result: NOTE
    Undeclared package ‘HMM’ in Rd xrefs
Flavor: r-devel-linux-x86_64-fedora-clang