CRAN Package Check Results for Package hmgm

Last updated on 2021-04-23 00:48:50 CEST.

Flavor Version Tinstall Tcheck Ttotal Status Flags
r-devel-linux-x86_64-debian-clang 1.0.3 13.64 110.49 124.13 OK
r-devel-linux-x86_64-debian-gcc 1.0.3 10.07 82.73 92.80 OK
r-devel-linux-x86_64-fedora-clang 1.0.3 154.99 NOTE
r-devel-linux-x86_64-fedora-gcc 1.0.3 145.85 NOTE
r-devel-windows-ix86+x86_64 1.0.3 28.00 131.00 159.00 OK
r-devel-windows-x86_64-gcc10-UCRT 1.0.3 ERROR
r-patched-linux-x86_64 1.0.3 12.21 102.30 114.51 OK
r-patched-solaris-x86 1.0.3 215.60 NOTE
r-release-linux-x86_64 1.0.3 12.35 103.31 115.66 OK
r-release-macos-x86_64 1.0.3 NOTE
r-release-windows-ix86+x86_64 1.0.3 27.00 120.00 147.00 OK
r-oldrel-macos-x86_64 1.0.3 WARN
r-oldrel-windows-ix86+x86_64 1.0.3 32.00 119.00 151.00 OK

Check Details

Version: 1.0.3
Check: dependencies in R code
Result: NOTE
    Namespaces in Imports field not imported from:
     ‘Rcpp’ ‘methods’ ‘rgl’
     All declared Imports should be used.
Flavors: r-devel-linux-x86_64-fedora-clang, r-devel-linux-x86_64-fedora-gcc, r-patched-solaris-x86, r-release-macos-x86_64, r-oldrel-macos-x86_64

Version: 1.0.3
Check: package dependencies
Result: ERROR
    Packages required but not available: 'rgl', 'nat'
    
    See section 'The DESCRIPTION file' in the 'Writing R Extensions'
    manual.
Flavor: r-devel-windows-x86_64-gcc10-UCRT

Version: 1.0.3
Check: whether package can be installed
Result: WARN
    Found the following significant warnings:
     Warning: 'rgl.init' failed, running with 'rgl.useNULL = TRUE'.
Flavor: r-oldrel-macos-x86_64