CRAN Package Check Results for Package hkdatasets

Last updated on 2024-05-25 11:49:34 CEST.

Flavor Version Tinstall Tcheck Ttotal Status Flags
r-devel-linux-x86_64-debian-clang 1.0.0 2.84 29.69 32.53 OK
r-devel-linux-x86_64-debian-gcc 1.0.0 2.02 22.51 24.53 OK
r-devel-linux-x86_64-fedora-clang 1.0.0 40.53 NOTE
r-devel-linux-x86_64-fedora-gcc 1.0.0 39.11 NOTE
r-devel-windows-x86_64 1.0.0 4.00 44.00 48.00 OK
r-patched-linux-x86_64 1.0.0 2.70 27.62 30.32 OK
r-release-linux-x86_64 1.0.0 2.96 28.50 31.46 OK
r-release-macos-arm64 1.0.0 14.00 OK
r-release-windows-x86_64 1.0.0 4.00 44.00 48.00 OK
r-oldrel-macos-arm64 1.0.0 19.00 OK
r-oldrel-macos-x86_64 1.0.0 25.00 OK
r-oldrel-windows-x86_64 1.0.0 4.00 45.00 49.00 OK

Check Details

Version: 1.0.0
Check: data for non-ASCII characters
Result: NOTE Note: found 9638 marked UTF-8 strings Flavors: r-devel-linux-x86_64-fedora-clang, r-devel-linux-x86_64-fedora-gcc