CRAN Package Check Results for Package hextri

Last updated on 2020-01-25 04:46:51 CET.

Flavor Version Tinstall Tcheck Ttotal Status Flags
r-devel-linux-x86_64-debian-clang 0.6 2.61 32.44 35.05 NOTE
r-devel-linux-x86_64-debian-gcc 0.6 2.49 26.17 28.66 NOTE
r-devel-linux-x86_64-fedora-clang 0.6 43.57 OK
r-devel-linux-x86_64-fedora-gcc 0.6 44.84 OK
r-devel-windows-ix86+x86_64 0.6 10.00 64.00 74.00 NOTE
r-devel-windows-ix86+x86_64-gcc8 0.6 9.00 50.00 59.00 NOTE
r-patched-linux-x86_64 0.6 2.40 30.00 32.40 OK
r-patched-solaris-x86 0.6 61.60 OK
r-release-linux-x86_64 0.6 2.56 30.19 32.75 OK
r-release-windows-ix86+x86_64 0.6 7.00 63.00 70.00 OK
r-release-osx-x86_64 0.6 OK
r-oldrel-windows-ix86+x86_64 0.6 3.00 44.00 47.00 OK
r-oldrel-osx-x86_64 0.6 OK

Check Details

Version: 0.6
Check: package vignettes
Result: NOTE
    Package vignette with placeholder title 'Vignette Title':
     'hexbin-classes.Rmd'
Flavors: r-devel-linux-x86_64-debian-clang, r-devel-linux-x86_64-debian-gcc, r-devel-windows-ix86+x86_64, r-devel-windows-ix86+x86_64-gcc8