CRAN Package Check Results for Package hextri

Last updated on 2020-08-06 17:49:21 CEST.

Flavor Version Tinstall Tcheck Ttotal Status Flags
r-devel-linux-x86_64-debian-clang 0.6 2.81 32.71 35.52 NOTE
r-devel-linux-x86_64-debian-gcc 0.6 2.34 26.09 28.43 NOTE
r-devel-linux-x86_64-fedora-clang 0.6 51.57 OK
r-devel-linux-x86_64-fedora-gcc 0.6 42.28 OK
r-devel-windows-ix86+x86_64 0.6 10.00 52.00 62.00 NOTE
r-patched-linux-x86_64 0.6 2.45 33.00 35.45 NOTE
r-patched-solaris-x86 0.6 65.80 OK
r-release-linux-x86_64 0.6 2.98 33.12 36.10 NOTE
r-release-macos-x86_64 0.6 OK
r-release-windows-ix86+x86_64 0.6 9.00 54.00 63.00 NOTE
r-oldrel-macos-x86_64 0.6 OK
r-oldrel-windows-ix86+x86_64 0.6 5.00 45.00 50.00 OK

Check Details

Version: 0.6
Check: package vignettes
Result: NOTE
    Package vignette with placeholder title 'Vignette Title':
     'hexbin-classes.Rmd'
Flavors: r-devel-linux-x86_64-debian-clang, r-devel-linux-x86_64-debian-gcc, r-devel-windows-ix86+x86_64, r-patched-linux-x86_64, r-release-linux-x86_64, r-release-windows-ix86+x86_64